{"id":756,"date":"2021-05-19T18:44:12","date_gmt":"2021-05-19T16:44:12","guid":{"rendered":"https:\/\/shop.deltaimage.de\/?post_type=product&#038;p=756"},"modified":"2025-11-16T17:55:30","modified_gmt":"2025-11-16T16:55:30","slug":"nationale-regelungen-in-der-unbemannten-luftfahrt-deutschland","status":"publish","type":"product","link":"https:\/\/shop.deltaimage.de\/?product=nationale-regelungen-in-der-unbemannten-luftfahrt-deutschland","title":{"rendered":"Nationale Regelungen in der Unbemannten Luftfahrt &#8211; Deutschland"},"content":{"rendered":"<h2><img data-recalc-dims=\"1\" loading=\"lazy\" decoding=\"async\" data-attachment-id=\"437\" data-permalink=\"https:\/\/shop.deltaimage.de\/?attachment_id=437#main\" data-orig-file=\"https:\/\/i0.wp.com\/shop.deltaimage.de\/wp-content\/uploads\/2021\/01\/UAS-Office_Subtitle_100.jpg?fit=543%2C100&amp;ssl=1\" data-orig-size=\"543,100\" data-comments-opened=\"1\" data-image-meta=\"{&quot;aperture&quot;:&quot;0&quot;,&quot;credit&quot;:&quot;&quot;,&quot;camera&quot;:&quot;&quot;,&quot;caption&quot;:&quot;&quot;,&quot;created_timestamp&quot;:&quot;0&quot;,&quot;copyright&quot;:&quot;&quot;,&quot;focal_length&quot;:&quot;0&quot;,&quot;iso&quot;:&quot;0&quot;,&quot;shutter_speed&quot;:&quot;0&quot;,&quot;title&quot;:&quot;&quot;,&quot;orientation&quot;:&quot;1&quot;}\" data-image-title=\"UAS Office_Subtitle_100\" data-image-description=\"\" data-image-caption=\"\" data-large-file=\"https:\/\/i0.wp.com\/shop.deltaimage.de\/wp-content\/uploads\/2021\/01\/UAS-Office_Subtitle_100.jpg?fit=543%2C100&amp;ssl=1\" class=\"size-full wp-image-437 alignright\" src=\"https:\/\/i0.wp.com\/shop.deltaimage.de\/wp-content\/uploads\/2021\/01\/UAS-Office_Subtitle_100.jpg?resize=543%2C100&#038;ssl=1\" alt=\"\" width=\"543\" height=\"100\" srcset=\"https:\/\/i0.wp.com\/shop.deltaimage.de\/wp-content\/uploads\/2021\/01\/UAS-Office_Subtitle_100.jpg?w=543&amp;ssl=1 543w, https:\/\/i0.wp.com\/shop.deltaimage.de\/wp-content\/uploads\/2021\/01\/UAS-Office_Subtitle_100.jpg?resize=300%2C55&amp;ssl=1 300w, https:\/\/i0.wp.com\/shop.deltaimage.de\/wp-content\/uploads\/2021\/01\/UAS-Office_Subtitle_100.jpg?resize=200%2C37&amp;ssl=1 200w\" sizes=\"auto, (max-width: 543px) 100vw, 543px\" \/>Die neue Luftverkehrsgesetzgebung im Spiegel der geltenden EU-Regelwerke f\u00fcr UAS in Deutschland<\/h2>\n<p>&nbsp;<\/p>\n<h2>Ein Buch von UAVDACH-Services UG<\/h2>\n<p>Zur Anwendung der geltenden EU-Durchf\u00fchrungsverordnung 2019\/947 und EU-Delegierte Verordnung 2019\/945 und aller mitgeltenden Dokumente wurde die Luftverkehrsgesetzgebung in Deutschland angepasst und teilweise neu gefasst.<\/p>\n<p>Das Buch gibt wertvolle Hilfestellungen f\u00fcr den UAS-Betreiber, die neuen Regelwerke schnell und pr\u00e4zise verstehen und im UAS-Betrieb anwenden zu k\u00f6nnen.<\/p>\n<ul>\n<li><strong>Luftverkehrsgesetz<\/strong> (LuftVG)<\/li>\n<li><strong>Luftverkehrs-Zulassungs-Ordnung<\/strong> (LuftVZO)<\/li>\n<li><strong>Luftverkehrs-Ordnung<\/strong> (LuftVO)<\/li>\n<li><strong>Kostenverordnung der Luftfahrtverwaltung<\/strong> (LuftKostV)<\/li>\n<li><strong>Gesetz \u00fcber das Luftfahrt-Bundesamt<\/strong><\/li>\n<\/ul>\n<p>Die bestehenden Regelungen aus der LuftVO sind f\u00fcr den UAS-Betrieb in besonderem Ma\u00dfe relevant. Viele Piloten und Pilotinnen sind 4 Jahre auf diese Regelungen in \u00a721a und \u00a721b trainiert worden, jetzt gilt es sich auf die neuen Regelungen umzustellen. In diesem Buch stellen wir nicht nur die relevanten Regelungen der 2021 neu gefassten LuftVO vor, sondern erkl\u00e4ren auch Punkt f\u00fcr Punkt was aus den vorher bestehenden Regelungen geworden ist<\/p>\n<ul>\n<li>entweder aufgehoben<\/li>\n<li>durch EU-Verordnung abgel\u00f6st und damit neu gefasst<\/li>\n<li>in die LuftVO (neu) \u00fcbernommen<\/li>\n<li>in der LuftVO (neu) angepasst und mit neuem Inhalt ausgestattet.<\/li>\n<\/ul>\n<p>&nbsp;<\/p>\n<p><b>UAVDACH \u2013 Services UG<\/b> ist Ihr Partner in Ausbildung, Lizenzierungen, F\u00e4higkeitsnachweise und Betriebsgenehmigungen.<\/p>\n<blockquote>\n<pre>Sicher ist Sicher.<\/pre>\n<\/blockquote>\n<p>Die UAVDACH-Services UG ist seit vielen Jahren Ihr kompetenter Anbieter von Pr\u00fcfung, Ausbildung und Fachgutachten f\u00fcr UAS Piloten sowie Fachgutachten f\u00fcr UAS Betreiber und Beh\u00f6rden \u2026 und bietet das notwendige Wissen in kompetenter Form zum Selbststudium f\u00fcr alle an.<\/p>\n","protected":false},"excerpt":{"rendered":"<div class=\"woocommerce-product-details__short-description\">\n<p>Autor: Paul Eschbach (UAV DACH e.V.), Uwe Nortmann (UAVDACH-Services UG)<br \/>\nDELTA IMAGE Eigenverlag<\/p>\n<p>Format DIN A5<br \/>\n68 Seiten<br \/>\nSoftcover<\/p>\n<p>Ersterscheinung Juni 2021<\/p>\n<\/div>\n","protected":false},"featured_media":758,"template":"","meta":[],"product_brand":[806],"product_cat":[109,16,130],"product_tag":[162,161,159,80,160,158],"class_list":{"0":"post-756","1":"product","2":"type-product","3":"status-publish","4":"has-post-thumbnail","6":"product_brand-delta-image-eigenverlag","7":"product_cat-angebote","8":"product_cat-buch","9":"product_cat-unbemannte-luftfahrt","10":"product_tag-eu-verordnung-2019-945","11":"product_tag-eu-verordnung-2019-947","12":"product_tag-luftvg","13":"product_tag-luftvo","14":"product_tag-luftvzo","15":"product_tag-nationale-regelungen","17":"first","18":"outofstock","19":"sale","20":"taxable","21":"shipping-taxable","22":"purchasable","23":"product-type-simple"},"jetpack_sharing_enabled":true,"_links":{"self":[{"href":"https:\/\/shop.deltaimage.de\/index.php?rest_route=\/wp\/v2\/product\/756","targetHints":{"allow":["GET"]}}],"collection":[{"href":"https:\/\/shop.deltaimage.de\/index.php?rest_route=\/wp\/v2\/product"}],"about":[{"href":"https:\/\/shop.deltaimage.de\/index.php?rest_route=\/wp\/v2\/types\/product"}],"wp:featuredmedia":[{"embeddable":true,"href":"https:\/\/shop.deltaimage.de\/index.php?rest_route=\/wp\/v2\/media\/758"}],"wp:attachment":[{"href":"https:\/\/shop.deltaimage.de\/index.php?rest_route=%2Fwp%2Fv2%2Fmedia&parent=756"}],"wp:term":[{"taxonomy":"product_brand","embeddable":true,"href":"https:\/\/shop.deltaimage.de\/index.php?rest_route=%2Fwp%2Fv2%2Fproduct_brand&post=756"},{"taxonomy":"product_cat","embeddable":true,"href":"https:\/\/shop.deltaimage.de\/index.php?rest_route=%2Fwp%2Fv2%2Fproduct_cat&post=756"},{"taxonomy":"product_tag","embeddable":true,"href":"https:\/\/shop.deltaimage.de\/index.php?rest_route=%2Fwp%2Fv2%2Fproduct_tag&post=756"}],"curies":[{"name":"wp","href":"https:\/\/api.w.org\/{rel}","templated":true}]}}