{"id":3383,"date":"2025-09-21T14:47:14","date_gmt":"2025-09-21T12:47:14","guid":{"rendered":"https:\/\/shop.deltaimage.de\/?post_type=product&#038;p=3383"},"modified":"2026-03-03T16:25:08","modified_gmt":"2026-03-03T15:25:08","slug":"ernst-eschbach-1965-2025-erinnerungsbuch","status":"publish","type":"product","link":"https:\/\/shop.deltaimage.de\/?product=ernst-eschbach-1965-2025-erinnerungsbuch","title":{"rendered":"Ernst Eschbach (1965 \u2013 2025) \u2013 Erinnerungsbuch"},"content":{"rendered":"<blockquote>\n<pre>\u2026 Und dann war da nur noch die Leere, \r\nwo doch immer ein zweites Ich da war.<\/pre>\n<\/blockquote>\n<p>Ein Platz bleibt nun leer, dort, wo jedes Wochenende ein vertrauter Zwillingsbruder da war. Wir waren in unseren Unterschieden doch so gemeinsam und vertraut, fr\u00fcher als Spielkameraden. Sp\u00e4ter als gegenseitige Ratgeber bei wichtigen und unwichtigen Entscheidungen im Leben. Es gen\u00fcgte oft nur ein Wort oder ein Blick \u2013 nicht alles musste ausgesprochen und ausdiskutiert werden. Du warst der \u00c4ltere von uns beiden, du warst der Schlauere und du warst der st\u00e4rkere Zwillingsbruder. Du warst mein Vorbild, so wie ich auch deines war. Das ist so bei Zwillingen im Leben.<\/p>\n<p>Du standest auf deiner Ziellinie im Leben, von der anspruchsvollen Arbeit in den erf\u00fcllten Vorruhestand. Der Siegpreis f\u00fcr diese Disziplin bleibt dir jetzt verwehrt. F\u00fcr deinen letzten Weg habe ich alle deine Freunde, deine Sport- und Arbeitskameraden, deine Nachbarn und nat\u00fcrlich unsere Familie um dich versammelt.<\/p>\n<p>F\u00fcr die alle, ist dieses Erinnerungsbuch, mit den tausenden Bildern von und mit dir. Es bleibt die Erinnerung an ein Leben, das viel zu fr\u00fch und vollkommen unerwartet von uns gegangen ist.<\/p>\n<p>Lieber Ernstl, so hast du dich immer am liebsten bezeichnet, jetzt herrscht bei allen die Trauer \u00fcber deinen Verlust vor. Gib auch du uns die Kraft, diese zu \u00fcberwinden, und in der Erinnerung an das gemeinsam mit dir Erlebte zu bewahren. Daraus soll die Liebe zu dir und allen Menschen wachsen, die uns etwas bedeuten. Am Ende steht die Hoffnung auf das, was vor uns liegen wird. M\u00f6gen allen Menschen, die uns beiden immer wichtig waren, noch gl\u00fcckliche Stunden und Erlebnisse in der Zukunft beschert sein.<\/p>\n<p>&nbsp;<\/p>\n<p>Dein kleinerer Zwillingsbruder Paul<\/p>\n","protected":false},"excerpt":{"rendered":"<div class=\"woocommerce-product-details__short-description\">\n<p>Buchautor: Paul Eschbach<\/p>\n<p>DELTA IMAGE Eigenverlag<br \/>\neine Marke der DELTA ADVICE GmbH<\/p>\n<p>Buch gebunden,<br \/>\nFormat 21 x 21 cm,<br \/>\nHardcover<\/p>\n<p>304 Seiten, farbig<br \/>\nca. 390 Bilder (s\/w und farbig)<\/p>\n<p>alle Bilder: Ernst Eschbach, Paul Eschbach, Jochen Ewert, Alex G\u00e4bler, Olaf Flechtner, Oskar Lindinger, Maik Glenz, Manfred Paul und andere.<\/p>\n<p>Auflage: begrenzt, solange verf\u00fcgbar<\/p>\n<\/div>\n<p class=\"wc-gzd-additional-info delivery-time-info\"><span class=\"delivery-time-inner delivery-time-2-4-tage-bei-lagerverfgbarkeit\">Lieferzeit: 4<span class=\"delivery-time-data\">-6 Tage bei Lagerverf\u00fcgbarkeit<\/span><\/span><\/p>\n","protected":false},"featured_media":3384,"template":"","meta":[],"product_brand":[806],"product_cat":[16,210,185],"product_tag":[36,417,858,860,38,859],"class_list":{"0":"post-3383","1":"product","2":"type-product","3":"status-publish","4":"has-post-thumbnail","6":"product_brand-delta-image-eigenverlag","7":"product_cat-buch","8":"product_cat-hardcover-gebundene-ausgabe","9":"product_cat-neu","10":"product_tag-dachau","11":"product_tag-erinnerungsbuch","12":"product_tag-ernst-eschbach","13":"product_tag-ernstl","14":"product_tag-paul-eschbach","15":"product_tag-sport","16":"product_shipping_class-paketversand-dhl-versichert","18":"first","19":"onbackorder","20":"taxable","21":"shipping-taxable","22":"purchasable","23":"product-type-simple"},"jetpack_sharing_enabled":true,"tiered_pricing_type":"fixed","tiered_pricing_fixed_rules":[],"tiered_pricing_product_settings":{"layout":"default","base_unit_name":{"singular":null,"plural":null},"default_variation":null},"tiered_pricing_minimum_quantity":null,"tiered_pricing_roles_data":[],"tiered_pricing_percentage_rules":[],"post_mailing_queue_ids":[],"_links":{"self":[{"href":"https:\/\/shop.deltaimage.de\/index.php?rest_route=\/wp\/v2\/product\/3383","targetHints":{"allow":["GET"]}}],"collection":[{"href":"https:\/\/shop.deltaimage.de\/index.php?rest_route=\/wp\/v2\/product"}],"about":[{"href":"https:\/\/shop.deltaimage.de\/index.php?rest_route=\/wp\/v2\/types\/product"}],"wp:featuredmedia":[{"embeddable":true,"href":"https:\/\/shop.deltaimage.de\/index.php?rest_route=\/wp\/v2\/media\/3384"}],"wp:attachment":[{"href":"https:\/\/shop.deltaimage.de\/index.php?rest_route=%2Fwp%2Fv2%2Fmedia&parent=3383"}],"wp:term":[{"taxonomy":"product_brand","embeddable":true,"href":"https:\/\/shop.deltaimage.de\/index.php?rest_route=%2Fwp%2Fv2%2Fproduct_brand&post=3383"},{"taxonomy":"product_cat","embeddable":true,"href":"https:\/\/shop.deltaimage.de\/index.php?rest_route=%2Fwp%2Fv2%2Fproduct_cat&post=3383"},{"taxonomy":"product_tag","embeddable":true,"href":"https:\/\/shop.deltaimage.de\/index.php?rest_route=%2Fwp%2Fv2%2Fproduct_tag&post=3383"}],"curies":[{"name":"wp","href":"https:\/\/api.w.org\/{rel}","templated":true}]}}