{"id":3040,"date":"2024-11-19T12:12:20","date_gmt":"2024-11-19T11:12:20","guid":{"rendered":"https:\/\/shop.deltaimage.de\/?post_type=product&#038;p=3040"},"modified":"2026-01-26T17:11:26","modified_gmt":"2026-01-26T16:11:26","slug":"foto-bildband-schwarzhoelzl-krenmoos-regatta-anlage-im-dachauer-moos-von-paul-eschbach","status":"publish","type":"product","link":"https:\/\/shop.deltaimage.de\/?product=foto-bildband-schwarzhoelzl-krenmoos-regatta-anlage-im-dachauer-moos-von-paul-eschbach","title":{"rendered":"FOTO-BILDBAND: Schwarzh\u00f6lzl, Krenmoos &#038; Regatta-Anlage im Dachauer Moos von Paul Eschbach"},"content":{"rendered":"<p>Der neue <strong>Foto-Bildband<\/strong>, vom Fotografen <strong><a href=\"https:\/\/deltaimage.de\/wp\/?s=Paul+Eschbach\">Paul Eschbach<\/a>,<\/strong> zeigt die Moos-Regionen <a href=\"https:\/\/deltaimage.de\/wp\/?s=Schwarzh%C3%B6lzl\"><strong>Schwarzh\u00f6lzl<\/strong> <\/a>und das <a href=\"https:\/\/deltaimage.de\/wp\/?s=Krenmoos\"><strong>Krenmoos<\/strong><\/a>, erg\u00e4nzt um die <a href=\"https:\/\/deltaimage.de\/wp\/?s=Regatta\"><strong>olympische Regatta-Anlage <\/strong><\/a>Oberschlei\u00dfheim von 1972 in einer <strong>fotografischen Entdeckungsreise<\/strong> zum <a href=\"https:\/\/deltaimage.de\/wp\/?page_id=24315\"><strong>Dachauer Moos<\/strong><\/a> von heute &#8211; einer der bedeutendsten <strong>Niedermoor-Landschaften<\/strong> in <strong>Bayern<\/strong> und ist\u00a0im Norden von M\u00fcnchen gelegen.<\/p>\n<p>&nbsp;<\/p>\n<h1><strong>FOTO-BILDBAND: Dachauer Moos &#8211; Schwarzh\u00f6lzl und Krenmoos fotografiert von Paul Eschbach<\/strong><\/h1>\n<ul>\n<li>FOTO-BILDBAND<\/li>\n<li>gebundene Ausgabe (Hardvover)<\/li>\n<li>Buchgr\u00f6\u00dfe: DIN A4 210 x 297 mm;\u00a0Querformat<\/li>\n<li>232 Seiten<\/li>\n<li>Buchgewicht: 1,1 kg<\/li>\n<\/ul>\n<p>Mehr Eindr\u00fccke in den weiteren Produktbildern des Buches.<\/p>\n<p>&nbsp;<\/p>\n<h2>Das Dachauer Moos: Schwarzh\u00f6lzl, Krenmoos und Regatta-Anlage<\/h2>\n<p>Diese Moos-Region liegt etwas versteckt und den Verkehrsstr\u00f6men entr\u00fcckt zwischen<\/p>\n<ul>\n<li>Dachau<\/li>\n<li>Karlsfeld<\/li>\n<li>Feldmoching<\/li>\n<li>Oberschlei\u00dfheim mit Badersfeld und<\/li>\n<li>dem Obergrashof<\/li>\n<\/ul>\n<p>gelegen.<\/p>\n<p>Dieser <strong>FOTO-Bildband<\/strong> ist ein Teil meines <strong><a href=\"https:\/\/deltaimage.de\/wp\/?page_id=43677\">Projektes: Dachauer Moos<\/a><\/strong>, mehr dazu auf einer eigenen Seite auf <a href=\"https:\/\/deltaimage.de\"><strong>www.deltaimage.de<\/strong><\/a>.<\/p>\n<ul>\n<li><a href=\"https:\/\/shop.deltaimage.de\/?product=maisacher-moos-eine-naturlandschaft-im-dachauer-moos-von-paul-eschbach\"><strong>FOTO-Bildband: Maisacher Moos (Palsweiser Moos &amp; Fu\u00dfbergmoos)<\/strong><\/a><\/li>\n<li><a href=\"https:\/\/shop.deltaimage.de\/?product=edition-kompakt-maisacher-moos-eine-naturlandschaft-im-dachauer-moos-von-paul-eschbach\"><strong>EDITION Kompakt: Maisacher Moos (Palsweiser Moos &amp; Fu\u00dfbergmoos)<\/strong><\/a><\/li>\n<li><a href=\"https:\/\/shop.deltaimage.de\/?product=foto-bildband-schwarzhoelzl-krenmoos-regatta-anlage-im-dachauer-moos-von-paul-eschbach\"><strong>FOTO-Bildband: Schwarzh\u00f6lzl &amp; Krenmoos &amp; Regatta-Anlage<\/strong><\/a><\/li>\n<li><a href=\"https:\/\/shop.deltaimage.de\/?product=foto-bildband-eschenrieder-moos-grasslfinger-moos-eine-naturlandschaft-im-dachauer-moos-von-paul-eschbach\"><strong>FOTO-Bildband: Eschenrieder Moos &amp; Gra\u00dflfinger Moos<\/strong><\/a><\/li>\n<li><a href=\"https:\/\/shop.deltaimage.de\/?product=foto-bildband-neuhimmelreich-groebenrieder-moos-im-dachauer-moos-von-paul-eschbach\"><strong>FOTO-Bildband: Neuhimmelreich &amp; Gr\u00f6benrieder Moos<\/strong><\/a><\/li>\n<\/ul>\n<p>&nbsp;<\/p>\n<h2>Zum Inhalt und Thema des Buches<\/h2>\n<p>Inmitten des <strong>Dachauer Mooses<\/strong> gibt es bislang nur eine einzige unter <strong>Naturschutz<\/strong> gestellte Niedermoorfl\u00e4che im gesamten Moosgebiet. Das <strong>Naturschutzgebiet Schwarzh\u00f6lzl<\/strong> liegt zwischen der Gemeinde <strong>Karlsfeld<\/strong> und der <strong>olympischen Regatta-Anlage<\/strong> in <strong>Oberschlei\u00dfheim \/ Feldmoching<\/strong> und schlie\u00dft auch das unmittelbar davor liegende <strong>Krenmoos<\/strong> mit ein.<\/p>\n<ul>\n<li><strong>Naturschutzgebiet Schwarzh\u00f6lzl<\/strong><\/li>\n<li><strong>Landschaftsschutzgebiet Krenmoos<\/strong><\/li>\n<li><strong>FFH-Gebiet Schwarzh\u00f6lzl<\/strong><\/li>\n<li><strong>olympische Regatta-Anlage von 1972<\/strong><\/li>\n<\/ul>\n<p>Fr\u00fcher war es f\u00fcr mich eher unscheinbar, es war halt da. Der Karlsfelder <strong>Natursch\u00fctzer<\/strong> und <strong>Ornithologe<\/strong> <strong>Josef Koller<\/strong> bewirkte nach seine jahrzehntelangen Anstrengungen, die Ausweisung des <strong>Schwarzh\u00f6lzls<\/strong> 1993 als <strong>Naturschutzgebiet <\/strong>und hat damit einen ganz wichtigen Beitrag zu dessen Erhaltung geleistet.<\/p>\n<p>Diese <strong>Moosregion<\/strong> liegt eingebettet zwischen den gro\u00dfen Verkehrsachsen rund um M\u00fcnchen und liegt so etwas abseits der Verkehrs- und Besucherstr\u00f6me. Dadurch konnte das <strong>Schwarzh\u00f6lzl<\/strong> sich in den letzten drei\u00dfig Jahren auch wieder seine Einzigartigkeit zur\u00fcckerobern und f\u00fcr viele Tiere und Pflanzen einen R\u00fcckzugsort schaffen. Das <strong>Schwarzh\u00f6lzl<\/strong> ist durch eine Anpflanzung von <strong>Kiefern<\/strong> auf den besonderen Standortbedingungen am Nordrand der <strong>M\u00fcnchener Schotterebene<\/strong> entstanden. Inzwischen ist ein gro\u00dfer Teil der Schutzfl\u00e4che ein europ\u00e4isches <strong>FFH-Schutzgebiet<\/strong> und schafft so f\u00fcr die sehr stark bedrohte <strong>Helm-Azurjungfer<\/strong> einen gesch\u00fctzten Lebensraum im <strong>Schwarzh\u00f6lzl<\/strong>.<\/p>\n<p>Ich selbst bin im <strong>Dachauer Moos<\/strong> als <strong>Fotograf<\/strong> aufgewachsen und so verbringe ich auch seit drei\u00dfig Jahren viel Zeit im <strong>Moos <\/strong>&#8211; um zu <strong>fotografieren<\/strong>. Einige dieser fotografischen Impressionen aus dem <strong>Dachauer Moos<\/strong> sind begleitend als Beitr\u00e4ge auf meiner Website <strong><a href=\"https:\/\/deltaimage.de\/wp\/?s=dachauer+moos\">www.deltaimage.de<\/a><\/strong> erschienen.<\/p>\n<blockquote>\n<pre>\u00bbWo ist denn das Dachauer Moos von heute geblieben?\u00ab<\/pre>\n<\/blockquote>\n<p>Das <strong>Dachauer Moos<\/strong> ist noch da und wir m\u00fcssen nur die Augen \u00f6ffnen, um die vielen Details und Stimmungen wahrnehmen zu k\u00f6nnen. Mit Geduld und Hingabe an diese Naturlandschaft sind ganz besondere Eindr\u00fccke und Erlebnisse m\u00f6glich.<\/p>\n<p>&nbsp;<\/p>\n<h2>Hochmoore (Filze) und Niedermoore (Moos)<\/h2>\n<p>Dann verstehen wir auch, warum die <strong>Moore<\/strong> und <strong>Moose<\/strong> erhalten werden m\u00fcssen.<\/p>\n<blockquote>\n<pre>Die Moore in Deutschland geh\u00f6ren zu den wertvollsten und artenreichsten \r\nNaturlandschaften, f\u00fcr den CO\u2082-Haushalt, den Wasserhaushalt und die Artenvielfalt \r\nsind diese Lebensr\u00e4ume wertvolle Bausteine f\u00fcr eine bessere Umwelt. Das \r\nDachauer Moos ist eines der wertvollsten Niedermoore Bayerns, nur das weiter \r\nn\u00f6rdlich gelegene Donaumoos ist fl\u00e4chenm\u00e4\u00dfig noch gr\u00f6\u00dfer.<\/pre>\n<\/blockquote>\n","protected":false},"excerpt":{"rendered":"<p>FOTO-BILDBAND<\/p>\n<p>gebundene Ausgabe &#8211; Hardcover<br \/>\nFormat DIN A4 quer &#8211; 297 x 210 mm Seitenformat<br \/>\n232 Inhaltsseiten<br \/>\n4\/4c Farbdruck<\/p>\n<p>ISBN: 978-3-911461-04-7<\/p>\n","protected":false},"featured_media":2820,"template":"","meta":[],"product_brand":[806],"product_cat":[16,148,691,195,210],"product_tag":[102,742,743,692,273,270,271,272,234],"class_list":{"0":"post-3040","1":"product","2":"type-product","3":"status-publish","4":"has-post-thumbnail","6":"product_brand-delta-image-eigenverlag","7":"product_cat-buch","8":"product_cat-dachau-oberschleissheim","9":"product_cat-dachauer-moos","10":"product_cat-fotografie","11":"product_cat-hardcover-gebundene-ausgabe","12":"product_tag-dachauer-moos","13":"product_tag-eschenrieder-moos","14":"product_tag-grasslfinger-moos","15":"product_tag-josef-koller","16":"product_tag-landschaftsfotografie","17":"product_tag-moor","18":"product_tag-moos","19":"product_tag-naturfotografie","20":"product_tag-niedermoor","21":"product_shipping_class-paketversand-dhl-versichert","23":"first","24":"instock","25":"featured","26":"taxable","27":"shipping-taxable","28":"purchasable","29":"product-type-simple"},"jetpack_sharing_enabled":true,"_links":{"self":[{"href":"https:\/\/shop.deltaimage.de\/index.php?rest_route=\/wp\/v2\/product\/3040","targetHints":{"allow":["GET"]}}],"collection":[{"href":"https:\/\/shop.deltaimage.de\/index.php?rest_route=\/wp\/v2\/product"}],"about":[{"href":"https:\/\/shop.deltaimage.de\/index.php?rest_route=\/wp\/v2\/types\/product"}],"wp:featuredmedia":[{"embeddable":true,"href":"https:\/\/shop.deltaimage.de\/index.php?rest_route=\/wp\/v2\/media\/2820"}],"wp:attachment":[{"href":"https:\/\/shop.deltaimage.de\/index.php?rest_route=%2Fwp%2Fv2%2Fmedia&parent=3040"}],"wp:term":[{"taxonomy":"product_brand","embeddable":true,"href":"https:\/\/shop.deltaimage.de\/index.php?rest_route=%2Fwp%2Fv2%2Fproduct_brand&post=3040"},{"taxonomy":"product_cat","embeddable":true,"href":"https:\/\/shop.deltaimage.de\/index.php?rest_route=%2Fwp%2Fv2%2Fproduct_cat&post=3040"},{"taxonomy":"product_tag","embeddable":true,"href":"https:\/\/shop.deltaimage.de\/index.php?rest_route=%2Fwp%2Fv2%2Fproduct_tag&post=3040"}],"curies":[{"name":"wp","href":"https:\/\/api.w.org\/{rel}","templated":true}]}}

FOTO-BILDBAND: Schwarzhölzl, Krenmoos &#038; Regatta-Anlage im Dachauer Moos von Paul Eschbach

<p>Der neue <strong>Foto-Bildband</strong>, vom Fotografen <strong><a href="https://deltaimage.de/wp/?s=Paul+Eschbach">Paul Eschbach</a>,</strong> zeigt die Moos-Regionen <a href="https://deltaimage.de/wp/?s=Schwarzh%C3%B6lzl"><strong>Schwarzhölzl</strong> </a>und das <a href="https://deltaimage.de/wp/?s=Krenmoos"><strong>Krenmoos</strong></a>, ergänzt um die <a href="https://deltaimage.de/wp/?s=Regatta"><strong>olympische Regatta-Anlage </strong></a>Oberschleißheim von 1972 in einer <strong>fotografischen Entdeckungsreise</strong> zum <a href="https://deltaimage.de/wp/?page_id=24315"><strong>Dachauer Moos</strong></a> von heute &#8211; einer der bedeutendsten <strong>Niedermoor-Landschaften</strong> in <strong>Bayern</strong> und ist im Norden von München gelegen.</p>
<p>&nbsp;</p>
<h1><strong>FOTO-BILDBAND: Dachauer Moos &#8211; Schwarzhölzl und Krenmoos fotografiert von Paul Eschbach</strong></h1>
<ul>
<li>FOTO-BILDBAND</li>
<li>gebundene Ausgabe (Hardvover)</li>
<li>Buchgröße: DIN A4 210 x 297 mm; Querformat</li>
<li>232 Seiten</li>
<li>Buchgewicht: 1,1 kg</li>
</ul>
<p>Mehr Eindrücke in den weiteren Produktbildern des Buches.</p>
<p>&nbsp;</p>
<h2>Das Dachauer Moos: Schwarzhölzl, Krenmoos und Regatta-Anlage</h2>
<p>Diese Moos-Region liegt etwas versteckt und den Verkehrsströmen entrückt zwischen</p>
<ul>
<li>Dachau</li>
<li>Karlsfeld</li>
<li>Feldmoching</li>
<li>Oberschleißheim mit Badersfeld und</li>
<li>dem Obergrashof</li>
</ul>
<p>gelegen.</p>
<p>Dieser <strong>FOTO-Bildband</strong> ist ein Teil meines <strong><a href="https://deltaimage.de/wp/?page_id=43677">Projektes: Dachauer Moos</a></strong>, mehr dazu auf einer eigenen Seite auf <a href="https://deltaimage.de"><strong>www.deltaimage.de</strong></a>.</p>
<ul>
<li><a href="https://shop.deltaimage.de/?product=maisacher-moos-eine-naturlandschaft-im-dachauer-moos-von-paul-eschbach"><strong>FOTO-Bildband: Maisacher Moos (Palsweiser Moos &amp; Fußbergmoos)</strong></a></li>
<li><a href="https://shop.deltaimage.de/?product=edition-kompakt-maisacher-moos-eine-naturlandschaft-im-dachauer-moos-von-paul-eschbach"><strong>EDITION Kompakt: Maisacher Moos (Palsweiser Moos &amp; Fußbergmoos)</strong></a></li>
<li><a href="https://shop.deltaimage.de/?product=foto-bildband-schwarzhoelzl-krenmoos-regatta-anlage-im-dachauer-moos-von-paul-eschbach"><strong>FOTO-Bildband: Schwarzhölzl &amp; Krenmoos &amp; Regatta-Anlage</strong></a></li>
<li><a href="https://shop.deltaimage.de/?product=foto-bildband-eschenrieder-moos-grasslfinger-moos-eine-naturlandschaft-im-dachauer-moos-von-paul-eschbach"><strong>FOTO-Bildband: Eschenrieder Moos &amp; Graßlfinger Moos</strong></a></li>
<li><a href="https://shop.deltaimage.de/?product=foto-bildband-neuhimmelreich-groebenrieder-moos-im-dachauer-moos-von-paul-eschbach"><strong>FOTO-Bildband: Neuhimmelreich &amp; Gröbenrieder Moos</strong></a></li>
</ul>
<p>&nbsp;</p>
<h2>Zum Inhalt und Thema des Buches</h2>
<p>Inmitten des <strong>Dachauer Mooses</strong> gibt es bislang nur eine einzige unter <strong>Naturschutz</strong> gestellte Niedermoorfläche im gesamten Moosgebiet. Das <strong>Naturschutzgebiet Schwarzhölzl</strong> liegt zwischen der Gemeinde <strong>Karlsfeld</strong> und der <strong>olympischen Regatta-Anlage</strong> in <strong>Oberschleißheim / Feldmoching</strong> und schließt auch das unmittelbar davor liegende <strong>Krenmoos</strong> mit ein.</p>
<ul>
<li><strong>Naturschutzgebiet Schwarzhölzl</strong></li>
<li><strong>Landschaftsschutzgebiet Krenmoos</strong></li>
<li><strong>FFH-Gebiet Schwarzhölzl</strong></li>
<li><strong>olympische Regatta-Anlage von 1972</strong></li>
</ul>
<p>Früher war es für mich eher unscheinbar, es war halt da. Der Karlsfelder <strong>Naturschützer</strong> und <strong>Ornithologe</strong> <strong>Josef Koller</strong> bewirkte nach seine jahrzehntelangen Anstrengungen, die Ausweisung des <strong>Schwarzhölzls</strong> 1993 als <strong>Naturschutzgebiet </strong>und hat damit einen ganz wichtigen Beitrag zu dessen Erhaltung geleistet.</p>
<p>Diese <strong>Moosregion</strong> liegt eingebettet zwischen den großen Verkehrsachsen rund um München und liegt so etwas abseits der Verkehrs- und Besucherströme. Dadurch konnte das <strong>Schwarzhölzl</strong> sich in den letzten dreißig Jahren auch wieder seine Einzigartigkeit zurückerobern und für viele Tiere und Pflanzen einen Rückzugsort schaffen. Das <strong>Schwarzhölzl</strong> ist durch eine Anpflanzung von <strong>Kiefern</strong> auf den besonderen Standortbedingungen am Nordrand der <strong>Münchener Schotterebene</strong> entstanden. Inzwischen ist ein großer Teil der Schutzfläche ein europäisches <strong>FFH-Schutzgebiet</strong> und schafft so für die sehr stark bedrohte <strong>Helm-Azurjungfer</strong> einen geschützten Lebensraum im <strong>Schwarzhölzl</strong>.</p>
<p>Ich selbst bin im <strong>Dachauer Moos</strong> als <strong>Fotograf</strong> aufgewachsen und so verbringe ich auch seit dreißig Jahren viel Zeit im <strong>Moos </strong>&#8211; um zu <strong>fotografieren</strong>. Einige dieser fotografischen Impressionen aus dem <strong>Dachauer Moos</strong> sind begleitend als Beiträge auf meiner Website <strong><a href="https://deltaimage.de/wp/?s=dachauer+moos">www.deltaimage.de</a></strong> erschienen.</p>
<blockquote>
<pre>»Wo ist denn das Dachauer Moos von heute geblieben?«</pre>
</blockquote>
<p>Das <strong>Dachauer Moos</strong> ist noch da und wir müssen nur die Augen öffnen, um die vielen Details und Stimmungen wahrnehmen zu können. Mit Geduld und Hingabe an diese Naturlandschaft sind ganz besondere Eindrücke und Erlebnisse möglich.</p>
<p>&nbsp;</p>
<h2>Hochmoore (Filze) und Niedermoore (Moos)</h2>
<p>Dann verstehen wir auch, warum die <strong>Moore</strong> und <strong>Moose</strong> erhalten werden müssen.</p>
<blockquote>
<pre>Die Moore in Deutschland gehören zu den wertvollsten und artenreichsten 
Naturlandschaften, für den CO₂-Haushalt, den Wasserhaushalt und die Artenvielfalt 
sind diese Lebensräume wertvolle Bausteine für eine bessere Umwelt. Das 
Dachauer Moos ist eines der wertvollsten Niedermoore Bayerns, nur das weiter 
nördlich gelegene Donaumoos ist flächenmäßig noch größer.</pre>
</blockquote>
