{"id":2845,"date":"2024-07-24T19:44:32","date_gmt":"2024-07-24T17:44:32","guid":{"rendered":"https:\/\/shop.deltaimage.de\/?post_type=product&#038;p=2845"},"modified":"2026-03-07T19:49:55","modified_gmt":"2026-03-07T18:49:55","slug":"edition-kompakt-maisacher-moos-eine-naturlandschaft-im-dachauer-moos-von-paul-eschbach","status":"publish","type":"product","link":"https:\/\/shop.deltaimage.de\/?product=edition-kompakt-maisacher-moos-eine-naturlandschaft-im-dachauer-moos-von-paul-eschbach","title":{"rendered":"EDITION KOMPAKT: Maisacher Moos, eine Naturlandschaft im Dachauer Moos von Paul Eschbach"},"content":{"rendered":"<h1><strong>EDITION KOMPAKT: Dachauer Moos &#8211; Maisacher Moos (Palsweiser Moos und Fu\u00dfbergmoos) fotografiert von Paul Eschbach<\/strong><\/h1>\n<p>Das Buch &#8222;<strong>Dachauer Moos &#8211; Maisacher Moos (Palsweiser Moos und Fu\u00dfbergmoos) fotografiert von Paul Eschbach<\/strong>&#8220; kommt in zwei verschiedenen Formfaktoren:<\/p>\n<ul>\n<li><a href=\"https:\/\/shop.deltaimage.de\/?product=maisacher-moos-eine-naturlandschaft-im-dachauer-moos-von-paul-eschbach\"><strong>FOTO-BILDBAND<\/strong><\/a> in der Gr\u00f6\u00dfe 21 x 29 cm; 288 Seiten<\/li>\n<li><strong><a href=\"https:\/\/shop.deltaimage.de\/?product=edition-kompakt-maisacher-moos-eine-naturlandschaft-im-dachauer-moos-von-paul-eschbach\">EDITION-KOMPAKT<\/a><\/strong> in der Gr\u00f6\u00dfe 24 x 17 cm; 176 Seiten<\/li>\n<\/ul>\n<p>Gleicher Inhalt, nur gr\u00f6\u00dfer oder kleiner.<\/p>\n<div class=\"su-tabs su-tabs-style-default su-tabs-mobile-stack\" data-active=\"2\" data-scroll-offset=\"0\" data-anchor-in-url=\"no\"><div class=\"su-tabs-nav\"><span class=\"\" data-url=\"\" data-target=\"blank\" tabindex=\"0\" role=\"button\">Alternatives Buchformat: <strong>FOTO-BILDBAND<\/strong> - 21 x 97 cm<\/span><span class=\"\" data-url=\"\" data-target=\"blank\" tabindex=\"0\" role=\"button\">Dieses Buchformat: <strong>EDITION KOMPAKT<\/strong> - 24 x 17 cm<\/span><\/div><div class=\"su-tabs-panes\"><div class=\"su-tabs-pane su-u-clearfix su-u-trim\" data-title=\"Alternatives Buchformat: &lt;strong&gt;FOTO-BILDBAND&lt;\/strong&gt; - 21 x 97 cm\"><\/p>\n<p><strong>FOTO-BILDBAND<\/strong> mit h\u00f6chster Qualit\u00e4t<\/p>\n<ul>\n<li>Maximale Abbildungsqualit\u00e4t der Bilder und Karten im Buch<\/li>\n<li><strong>FOTO-BILDBAND<\/strong> (<strong><a href=\"https:\/\/shop.deltaimage.de\/?product=maisacher-moos-eine-naturlandschaft-im-dachauer-moos-von-paul-eschbach\">weiteres Produktangebot<\/a><\/strong>)<\/li>\n<li>Zielgruppe: Qualit\u00e4t, Bilddetails und Produktanmutung stehen im Vordergrund<\/li>\n<li>Buchgr\u00f6\u00dfe: DIN A4 210 x 297 mm<\/li>\n<li>Querformat<\/li>\n<li>Bilder in gr\u00f6\u00dftm\u00f6glicher Gr\u00f6\u00dfe und Qualit\u00e4tsanmutung<\/li>\n<li>Maximale Darstellung mit einem Bild pro Buchseite im Querformat<\/li>\n<li>288 Seiten<\/li>\n<li>Buchgewicht: 1,3 kg<\/li>\n<li>Gleicher Buchinhalt wie in KOMPAKT EDITION<\/li>\n<\/ul>\n<p>Mehr Eindr\u00fccke in den weiteren Produktbildern des Buches.<\/p>\n<p><\/div>\n<div class=\"su-tabs-pane su-u-clearfix su-u-trim\" data-title=\"Dieses Buchformat: &lt;strong&gt;EDITION KOMPAKT&lt;\/strong&gt; - 24 x 17 cm\"><\/p>\n<p><strong>EDITION KOMPAKT<\/strong> mit reduzierter Buchgr\u00f6\u00dfe (<strong>dieses Produktangebot<\/strong>)<\/p>\n<ul>\n<li>Kleiner, leichter, kompakter, g\u00fcnstiger<\/li>\n<li><strong>EDITION KOMPAKT<\/strong> (<strong><a href=\"https:\/\/shop.deltaimage.de\/?product=edition-kompakt-maisacher-moos-eine-naturlandschaft-im-dachauer-moos-von-paul-eschbach\">dieses Produktangebot<\/a><\/strong>)<\/li>\n<li>Zielgruppe: preislich g\u00fcnstiger, gleicher Inhalt, reduzierte Druckgr\u00f6\u00dfe, ggf. reduzierte Abbildungsdetails stehen im Vordergrund<\/li>\n<li>Buchgr\u00f6\u00dfe: 170 x 240 mm<\/li>\n<li>Hochformat<\/li>\n<li>Bilder in deutlich reduzierter Bildgr\u00f6\u00dfe<\/li>\n<li>Reduzierte Darstellung mit zwei Bilder pro Buchseite im Hochformat<\/li>\n<li>176 Seiten<\/li>\n<li>Deutlich g\u00fcnstiger im Verkaufspreis<\/li>\n<li>Buchgewicht: 0,58 kg<\/li>\n<li>Gleicher Buchinhalt wie im <strong><a href=\"https:\/\/shop.deltaimage.de\/?product=maisacher-moos-eine-naturlandschaft-im-dachauer-moos-von-paul-eschbach\">FOTO-BILDBAND<\/a><\/strong><\/li>\n<\/ul>\n<p>Mehr Eindr\u00fccke in den weiteren Produktbildern des Buches.<\/p>\n<p><\/div><\/div><\/div>\n<p>&nbsp;<\/p>\n<h2>Zum Inhalt und Thema des Buches<\/h2>\n<p>Der westlichste Teil des <strong>Dachauer Mooses<\/strong> ist das <strong>Maisacher Moos <\/strong>bei Maisach. Es besteht aus dem <strong>Palsweiser Moos<\/strong> und dem daran anschlie\u00dfenden <strong>Fu\u00dfbergmoos<\/strong>, das Thema dieses Buches ist. Ich selbst bin im <strong>Dachauer Moos<\/strong> als <strong>Fotograf<\/strong> aufgewachsen. So verbringe ich auch seit drei\u00dfig Jahren viel Zeit im <strong>Moos <\/strong>&#8211; um zu <strong>fotografieren<\/strong>. Einige dieser\u00a0 Impressionen aus dem <strong>Dachauer Moos<\/strong> sind begleitend als Beitr\u00e4ge auf meiner Website <strong><a href=\"https:\/\/deltaimage.de\/wp\/?s=dachauer+moos\">www.deltaimage.de<\/a><\/strong> erschienen.<\/p>\n<blockquote>\n<pre>\u00bbWo ist das Dachauer Moos von heute geblieben?\u00ab<\/pre>\n<\/blockquote>\n<p>W\u00e4hrend der Arbeit an diesem Buch, stie\u00df ich in meinem B\u00fccherschrank wieder einmal auf das kleine B\u00fcchlein von <strong>Otto Erhart<\/strong> mit dem bezeichnenden Titel: <strong>\u00bbDas sterbende Moor\u00ab<\/strong>.<\/p>\n<p>Meine fotografische Bestandsaufnahme aus drei\u00dfig Jahren <strong>Fotografie<\/strong> umfasst die verschiedenen Teile des <strong>Dachauer Mooses<\/strong>. In diesem <strong>Buch<\/strong> beginnen ich mit dem <strong>Maisacher Moos<\/strong>, dem <strong>Palsweiser Moos<\/strong> und dem <strong>Fu\u00dfbergmoos<\/strong>. Dies ist meine<strong> fotografische Antwort<\/strong> auf die Geschichte von <strong>Otto Erhart<\/strong>.<\/p>\n<p>&nbsp;<\/p>\n<p>Dieser <strong>FOTO-Bildband<\/strong> ist ein Teil meines <strong><a href=\"https:\/\/deltaimage.de\/wp\/?page_id=43677\">Projektes: Dachauer Moos<\/a><\/strong>, mehr dazu auf einer eigenen Seite auf <a href=\"https:\/\/deltaimage.de\"><strong>www.deltaimage.de<\/strong><\/a>.<\/p>\n<ul>\n<li><a href=\"https:\/\/shop.deltaimage.de\/?product=maisacher-moos-eine-naturlandschaft-im-dachauer-moos-von-paul-eschbach\"><strong>FOTO-Bildband: Maisacher Moos (Palsweiser Moos &amp; Fu\u00dfbergmoos)<\/strong><\/a><\/li>\n<li><a href=\"https:\/\/shop.deltaimage.de\/?product=edition-kompakt-maisacher-moos-eine-naturlandschaft-im-dachauer-moos-von-paul-eschbach\"><strong>EDITION Kompakt: Maisacher Moos (Palsweiser Moos &amp; Fu\u00dfbergmoos)<\/strong><\/a><\/li>\n<li><a href=\"https:\/\/shop.deltaimage.de\/?product=foto-bildband-schwarzhoelzl-krenmoos-regatta-anlage-im-dachauer-moos-von-paul-eschbach\"><strong>FOTO-Bildband: Schwarzh\u00f6lzl &amp; Krenmoos &amp; Regatta-Anlage<\/strong><\/a><\/li>\n<li><a href=\"https:\/\/shop.deltaimage.de\/?product=foto-bildband-eschenrieder-moos-grasslfinger-moos-eine-naturlandschaft-im-dachauer-moos-von-paul-eschbach\"><strong>FOTO-Bildband: Eschenrieder Moos &amp; Gra\u00dflfinger Moos<\/strong><\/a><\/li>\n<li><a href=\"https:\/\/shop.deltaimage.de\/?product=foto-bildband-neuhimmelreich-groebenrieder-moos-im-dachauer-moos-von-paul-eschbach\"><strong>FOTO-Bildband: Neuhimmelreich &amp; Gr\u00f6benrieder Moos<\/strong><\/a><\/li>\n<\/ul>\n<p>&nbsp;<\/p>\n<h2>BUND Naturschutz in Bayern e. V. &#8211; Kreisgruppe Dachau<\/h2>\n<p>Mit dem Kreisvorsitzenden <a href=\"http:\/\/dachau.bund-naturschutz.de\"><strong>Dr. Roderich Zauscher<\/strong><\/a> fand ich in der <a href=\"http:\/\/dachau.bund-naturschutz.de\"><strong>BN-Kreisgruppe Dachau<\/strong><\/a> einen geeigneten Unterst\u00fctzer f\u00fcr dieses Projekt. Meine kleinen Erlebnisse aus drei\u00dfig Jahren Fotografieren in dieser <strong>Niedermoorlandschaft<\/strong> wollten wir beide als Bild des <strong>Dachauer Mooses<\/strong> von heute &#8211; <strong>2024<\/strong> &#8211; zeigen. Die <strong>Moore<\/strong> der 30er Jahre sind l\u00e4ngst verschwunden.<\/p>\n<p>Es gelingt dem <strong>Buchautor<\/strong> und <strong>Fotografen<\/strong> <strong>Paul Eschbac<\/strong><strong>h<\/strong> in diesem Buch ein gro\u00dfes Kaleidoskop stimmungsvoller <strong>Natur- und Landschaftsfotos<\/strong>\u00a0zu einer Gesamterz\u00e4hlung zusammenzuf\u00fcgen. Das <strong>Dachauer Moos<\/strong> ist noch da. Wir m\u00fcssen nur die Augen \u00f6ffnen, um die vielen Details und Stimmungen wahrnehmen zu k\u00f6nnen. Mit Geduld und Hingabe an diese Naturlandschaft sind ganz besondere Eindr\u00fccke und Erlebnisse m\u00f6glich.<\/p>\n<p>&nbsp;<\/p>\n<h2>Hochmoore (Filze) und Niedermoore (Moos)<\/h2>\n<p>Dann verstehen wir auch, warum die <strong>Moore<\/strong> und <strong>Moose<\/strong> erhalten werden m\u00fcssen.<\/p>\n<blockquote>\n<pre>Die Moore in Deutschland geh\u00f6ren zu den wertvollsten und artenreichsten \r\nNaturlandschaften, f\u00fcr den CO\u2082-Haushalt, den Wasserhaushalt und die Artenvielfalt \r\nsind diese Lebensr\u00e4ume wertvolle Bausteine f\u00fcr eine bessere Umwelt. Das \r\nDachauer Moos ist eines der wertvollsten Niedermoore Bayerns, nur das weiter \r\nn\u00f6rdlich gelegene Donaumoos ist fl\u00e4chenm\u00e4\u00dfig noch gr\u00f6\u00dfer.<\/pre>\n<\/blockquote>\n<p>&nbsp;<\/p>\n<h2>Mehr Eindr\u00fccke zum Dachauer Moos<\/h2>\n<p>Ein Beitrag \u00fcber das <strong>Maisacher Moos<\/strong> (P<strong>alsweiser Moos<\/strong> und <strong>Fu\u00dfbergmoos<\/strong>) der <strong>Gl\u00fccksspirale<\/strong>. Darin kommen auch Bildmotive aus diesem neuen <strong>Fotobuch<\/strong>\u00a0vor.<\/p>\n","protected":false},"excerpt":{"rendered":"<p><strong>EDITION KOMPAKT<\/strong><\/p>\n<p>gebundene Ausgabe &#8211; Hardcover<br \/>\nFormat 170 x 240 mm Hochformat<br \/>\n176 Inhaltsseiten<br \/>\n4\/4c Farbdruck<br \/>\nGewicht des Buches: 0,57 kg (ohne Verpackung)<\/p>\n<p>ISBN: 978-3-911461-02-3<\/p>\n","protected":false},"featured_media":2846,"template":"","meta":[],"product_brand":[806],"product_cat":[16,148,691,195,210],"product_tag":[688,102,689,717,686,687,273,684,690,272,234,685],"class_list":{"0":"post-2845","1":"product","2":"type-product","3":"status-publish","4":"has-post-thumbnail","6":"product_brand-delta-image-eigenverlag","7":"product_cat-buch","8":"product_cat-dachau-oberschleissheim","9":"product_cat-dachauer-moos","10":"product_cat-fotografie","11":"product_cat-hardcover-gebundene-ausgabe","12":"product_tag-bund-naturschutz-kreisgruppe-dachau","13":"product_tag-dachauer-moos","14":"product_tag-dr-roderich-zauscher","15":"product_tag-edition-kompakt","16":"product_tag-fussbergmoos","17":"product_tag-hochmoor","18":"product_tag-landschaftsfotografie","19":"product_tag-maisacher-moos","20":"product_tag-moos-moor","21":"product_tag-naturfotografie","22":"product_tag-niedermoor","23":"product_tag-palsweiser-moos","25":"first","26":"instock","27":"featured","28":"taxable","29":"shipping-taxable","30":"purchasable","31":"product-type-simple"},"jetpack_sharing_enabled":true,"_links":{"self":[{"href":"https:\/\/shop.deltaimage.de\/index.php?rest_route=\/wp\/v2\/product\/2845","targetHints":{"allow":["GET"]}}],"collection":[{"href":"https:\/\/shop.deltaimage.de\/index.php?rest_route=\/wp\/v2\/product"}],"about":[{"href":"https:\/\/shop.deltaimage.de\/index.php?rest_route=\/wp\/v2\/types\/product"}],"wp:featuredmedia":[{"embeddable":true,"href":"https:\/\/shop.deltaimage.de\/index.php?rest_route=\/wp\/v2\/media\/2846"}],"wp:attachment":[{"href":"https:\/\/shop.deltaimage.de\/index.php?rest_route=%2Fwp%2Fv2%2Fmedia&parent=2845"}],"wp:term":[{"taxonomy":"product_brand","embeddable":true,"href":"https:\/\/shop.deltaimage.de\/index.php?rest_route=%2Fwp%2Fv2%2Fproduct_brand&post=2845"},{"taxonomy":"product_cat","embeddable":true,"href":"https:\/\/shop.deltaimage.de\/index.php?rest_route=%2Fwp%2Fv2%2Fproduct_cat&post=2845"},{"taxonomy":"product_tag","embeddable":true,"href":"https:\/\/shop.deltaimage.de\/index.php?rest_route=%2Fwp%2Fv2%2Fproduct_tag&post=2845"}],"curies":[{"name":"wp","href":"https:\/\/api.w.org\/{rel}","templated":true}]}}