{"id":2816,"date":"2024-07-12T21:26:18","date_gmt":"2024-07-12T19:26:18","guid":{"rendered":"https:\/\/shop.deltaimage.de\/?post_type=product&#038;p=2816"},"modified":"2025-02-19T20:51:26","modified_gmt":"2025-02-19T19:51:26","slug":"josef-koller-dachauer-naturschaetze-wiederentdeckt-und-dokumentiert-anhand-von-photographien-aus-den-dreissiger-jahren-neu","status":"publish","type":"product","link":"https:\/\/shop.deltaimage.de\/?product=josef-koller-dachauer-naturschaetze-wiederentdeckt-und-dokumentiert-anhand-von-photographien-aus-den-dreissiger-jahren-neu","title":{"rendered":"Josef Koller: Dachauer Natursch\u00e4tze &#8211; wiederentdeckt und dokumentiert anhand von Photographien aus den drei\u00dfiger Jahren"},"content":{"rendered":"<p>Die B\u00fccher sind Neu und originalverpackt.<\/p>\n","protected":false},"excerpt":{"rendered":"<p>gebundene Ausgabe (Hardcover)<br \/>\n192 Seiten<br \/>\nSchwarz-Wei\u00df Fotografien von <strong>Alexander Niestl\u00e9<\/strong> und <strong>Johann Mertl<\/strong> aus ca. 1930<br \/>\nEigenverlag Josef Koller, im Eigentum BUND Naturschutz &#8211; Kreisgruppe Dachau<br \/>\n1993<\/p>\n<ul>\n<li>B\u00fccher neu aus dem Nachlass von Josef Koller<\/li>\n<li>Alle B\u00fccher im Verkauf f\u00fcr BUND Naturschutz in Bayern e. V. &#8211; Kreisgruppe Dachau.<\/li>\n<li>Der Verkaufserl\u00f6s kommt zu 100% des Kreisgruppe Dachau und damit Naturschutz im Dachauer Moos zu Gute.<\/li>\n<\/ul>\n","protected":false},"featured_media":2817,"template":"","meta":[],"product_brand":[807],"product_cat":[109,16,691,210],"product_tag":[698,699,102,696,700,692,697],"class_list":{"0":"post-2816","1":"product","2":"type-product","3":"status-publish","4":"has-post-thumbnail","6":"product_brand-josef-koller-eigenverlag","7":"product_cat-angebote","8":"product_cat-buch","9":"product_cat-dachauer-moos","10":"product_cat-hardcover-gebundene-ausgabe","11":"product_tag-698","12":"product_tag-alexander-niestle","13":"product_tag-dachauer-moos","14":"product_tag-dachauer-naturschaetze","15":"product_tag-johann-mertl","16":"product_tag-josef-koller","17":"product_tag-schwarz-weiss-foto","18":"product_shipping_class-paketversand-dhl-versichert","20":"first","21":"instock","22":"taxable","23":"shipping-taxable","24":"purchasable","25":"product-type-simple"},"jetpack_sharing_enabled":true,"_links":{"self":[{"href":"https:\/\/shop.deltaimage.de\/index.php?rest_route=\/wp\/v2\/product\/2816","targetHints":{"allow":["GET"]}}],"collection":[{"href":"https:\/\/shop.deltaimage.de\/index.php?rest_route=\/wp\/v2\/product"}],"about":[{"href":"https:\/\/shop.deltaimage.de\/index.php?rest_route=\/wp\/v2\/types\/product"}],"wp:featuredmedia":[{"embeddable":true,"href":"https:\/\/shop.deltaimage.de\/index.php?rest_route=\/wp\/v2\/media\/2817"}],"wp:attachment":[{"href":"https:\/\/shop.deltaimage.de\/index.php?rest_route=%2Fwp%2Fv2%2Fmedia&parent=2816"}],"wp:term":[{"taxonomy":"product_brand","embeddable":true,"href":"https:\/\/shop.deltaimage.de\/index.php?rest_route=%2Fwp%2Fv2%2Fproduct_brand&post=2816"},{"taxonomy":"product_cat","embeddable":true,"href":"https:\/\/shop.deltaimage.de\/index.php?rest_route=%2Fwp%2Fv2%2Fproduct_cat&post=2816"},{"taxonomy":"product_tag","embeddable":true,"href":"https:\/\/shop.deltaimage.de\/index.php?rest_route=%2Fwp%2Fv2%2Fproduct_tag&post=2816"}],"curies":[{"name":"wp","href":"https:\/\/api.w.org\/{rel}","templated":true}]}}

Josef Koller: Dachauer Naturschätze &#8211; wiederentdeckt und dokumentiert anhand von Photographien aus den dreißiger Jahren

<p>Die Bücher sind Neu und originalverpackt.</p>

<p>gebundene Ausgabe (Hardcover)<br />
192 Seiten<br />
Schwarz-Weiß Fotografien von <strong>Alexander Niestlé</strong> und <strong>Johann Mertl</strong> aus ca. 1930<br />
Eigenverlag Josef Koller, im Eigentum BUND Naturschutz &#8211; Kreisgruppe Dachau<br />
1993</p>
<ul>
<li>Bücher neu aus dem Nachlass von Josef Koller</li>
<li>Alle Bücher im Verkauf für BUND Naturschutz in Bayern e. V. &#8211; Kreisgruppe Dachau.</li>
<li>Der Verkaufserlös kommt zu 100% des Kreisgruppe Dachau und damit Naturschutz im Dachauer Moos zu Gute.</li>
</ul>
