{"id":1466,"date":"2023-01-02T11:50:52","date_gmt":"2023-01-02T10:50:52","guid":{"rendered":"https:\/\/shop.deltaimage.de\/?post_type=product&#038;p=1466"},"modified":"2026-03-06T14:08:25","modified_gmt":"2026-03-06T13:08:25","slug":"flugplatz-wanderungen-schleissheim-sammelband-30-jahre-flugwerft","status":"publish","type":"product","link":"https:\/\/shop.deltaimage.de\/?product=flugplatz-wanderungen-schleissheim-sammelband-30-jahre-flugwerft","title":{"rendered":"Flugplatz Wanderungen Schlei\u00dfheim &#8211; Sammelband 30 Jahre Flugwerft"},"content":{"rendered":"<h2>Luftfahrt-historische Flugplatz Wanderung Schlei\u00dfheim als Sammelband<\/h2>\n<p>Bei den beliebten <strong><a href=\"https:\/\/deltaimage.de\/wp\/?page_id=35787\">luftfahrt historischen Flugplatz Wanderung<\/a><\/strong><strong><a href=\"https:\/\/deltaimage.de\/wp\/?page_id=35787\">en<\/a><\/strong> in Schlei\u00dfheim (Oberschlei\u00dfheim bei M\u00fcnchen), f\u00fchrt Sie Paul Eschbach \u00fcber den \u00e4ltesten Flugplatz in Bayern und Deutschland. Die Flugplatz Wanderung streift durch 100 Jahre der Luftfahrt- und Zeitgeschichte, ab dem Jahr 1912, bis in das Heute als <strong><a href=\"http:\/\/www.ednx.de\">Sonderlandeplatz EDNX<\/a><\/strong><strong>.<\/strong> Dieser Flugplatz ist seit 1992 der Standort f\u00fcr die Au\u00dfenstelle Luft- und Raumfahrt des weltgr\u00f6\u00dften Technikmuseums, dem <strong><a href=\"http:\/\/www.deutsches-museum.de\">Deutschen Museum<\/a><\/strong><strong>,<\/strong> mit der <strong><a href=\"https:\/\/shop.deltaimage.de\/?product=flugwerft-schleissheim-110-jahre-luftfahrtgeschichte-30-jahre-deutsches-museum\">Flugwerft Schlei\u00dfheim<\/a><\/strong>. Die luftfahrt historische Flugplatz Wanderung Schlei\u00dfheim <strong>Sammelband<\/strong>, zeigt die noch bestehende Infrastruktur, die Bodenmerkmale und Gel\u00e4ndemerkmale einer Flugplatzinfrastruktur aus 110 Jahren auf.<\/p>\n<p>Diese <strong><a href=\"https:\/\/deltaimage.de\/wp\/?page_id=35787\">Flugplatz Wanderungen<\/a><\/strong> gibt es als Taschenbuch, zum Nachlesen und zum selber-erkunden. Die Luftfahrtgeschichte zeigt sich an den vielen vorhandenen Bodenspuren und Gel\u00e4ndemerkmale. Der Flugplatz hat eine solch umfangreiche Geschichte, dass wir die Flugplatz Wanderungen in drei B\u00fccher aufgeteilt haben.<\/p>\n<p>Kommen Sie mit mir mit, zur luftfahrt historischen Flugplatz Wanderung in Schlei\u00dfheim in diesem <strong>Sammelband <\/strong>aus allen drei einzelnen B\u00fcchern zusammengefasst.<\/p>\n<h2>Flugplatz Wanderung Schlei\u00dfheim Sammelband zu 30 Jahre Deutschem Museum<\/h2>\n<p>Im Jahr 2022 wird die Flugwerft Schlei\u00dfheim 30 Jahre alt. Grund genug auch bei den Flugplatz Wanderungen etwas ganz Besonderes zu machen. Erstmals gibt es alle drei B\u00e4nde der Flugplatz Wanderungen Schlei\u00dfheim in einem hochwertigen Buch als Sammelband zusammengefasst. Anl\u00e4sslich der <strong><a href=\"https:\/\/shop.deltaimage.de\/?product=flugwerft-schleissheim-110-jahre-luftfahrtgeschichte-30-jahre-deutsches-museum\">30 Jahre Flugwerft Schlei\u00dfheim<\/a><\/strong> bringen wird die beliebten drei Teile zusammen heraus. Erg\u00e4nzt wird dieser <strong>Flugplatz Wanderung Schlei\u00dfheim<\/strong> <strong>Sammelband<\/strong> durch Bonusmaterial eines zus\u00e4tzlichen Wanderziels &#8211; zu dem wir in diesem Umfang noch nichts ver\u00f6ffentlicht haben.<\/p>\n<h2><\/h2>\n<h2>Teil 1: Nord-Route und Ost-Route<\/h2>\n<ul>\n<li><a href=\"https:\/\/i0.wp.com\/deltaimage.de\/wp\/wp-content\/uploads\/Banner_FP_NORD_1200.jpg?ssl=1\"><img loading=\"lazy\" decoding=\"async\" class=\"size-medium wp-image-24139 alignright\" src=\"https:\/\/i0.wp.com\/deltaimage.de\/wp\/wp-content\/uploads\/Banner_FP_NORD_1200-300x123.jpg?resize=300%2C123&amp;ssl=1\" alt=\"\" width=\"300\" height=\"123\" data-recalc-dims=\"1\" \/><\/a>Die<strong><a href=\"https:\/\/deltaimage.de\/wp\/?portfolio=luftfahrt-historische-flugplatzwanderung-schleissheim-nord-route\"> Nord-Route<\/a><\/strong> beginnt am Eingang zur Flugwerft, dem restaurierten Originalgeb\u00e4ude von 1919. Dieses ist das luftfahrt-historische Zentrum des Deutschen Museums in Oberschlei\u00dfheim. Die Flugwerft Schlei\u00dfheim und die Kommandantur aus dem Jahr 1912 stellen hier die \u00e4ltesten Flugplatzgeb\u00e4ude in Bayern dar. Lernen Sie die historische Entwicklung des Flugplatzes im Rahmen der Luftfahrt in Bayern. Anhand der vielen noch sichtbaren Bodenmerkmale und Gel\u00e4ndespuren kennen. In wenigen Jahren nach dem ersten Weltkrieg, haben sich die Nutzer des Flugplatzes einander das Hallentor in die Hand gegeben. Jeder Nutzer hat seine eigenen Spuren der Nutzung hinterlassen.<\/li>\n<li><a href=\"https:\/\/i0.wp.com\/deltaimage.de\/wp\/wp-content\/uploads\/Banner_FP_OST_1200.jpg?ssl=1\"><img data-recalc-dims=\"1\" loading=\"lazy\" decoding=\"async\" class=\"size-medium wp-image-24142 alignright\" src=\"https:\/\/i0.wp.com\/deltaimage.de\/wp\/wp-content\/uploads\/Banner_FP_OST_1200-300x122.jpg?resize=300%2C122&#038;ssl=1\" alt=\"\" width=\"300\" height=\"122\" \/><\/a>Die <strong><a href=\"https:\/\/deltaimage.de\/wp\/?portfolio=luftfahrt-historische-flugplatzwanderung-schleissheim-ost-route\">Ost-Runde<\/a><\/strong> beginnt am Parkplatz am Friedhof in Hochmutting, dem fr\u00fcheren Hofgut von Schlei\u00dfheim. Im \u00f6stlichen Platzbereich hat die Infrastruktur des Flugplatzes in der Landschaft die noch sichtbaren Spuren hinterlassen. In de weiten der Heidelandschaft sind diese Spuren nur dem kundigen Wanderer sichtbar und zeigen sich oft nur durch eine andere Bewuchsform des Heidegrases gegen\u00fcber der Umgebung. Die Heidelandschaft ist ein Biotop und als Naturlandschaft Natura2000 gesch\u00fctzt.<\/li>\n<li>Der <strong>Teil 1<\/strong> tr\u00e4gt als Titelmotiv die Weite des Flugplatzes Schlei\u00dfheim bei einbrechender Nacht mit der bekannten Silhouette des Schlosses Schlei\u00dfheim und der Flugwerft Schlei\u00dfheim im letzten Licht der Ausstellungshallen im fahlen Licht eines Wintertages. Seit der \u00dcbergabe des Flugplatzes, von der Bundeswehr an den Freistaat Bayern, hat sich die Nutzung des Flugplatzgel\u00e4ndes ver\u00e4ndert. Die Weitl\u00e4ufigkeit der Landschaft ist in der weiten Heidelandschaft erhalten geblieben.<\/li>\n<\/ul>\n<h2>Teil 2: S\u00fcd-Route und West-Route<\/h2>\n<ul>\n<li><a href=\"https:\/\/i0.wp.com\/deltaimage.de\/wp\/wp-content\/uploads\/Banner_FP_SUED_1200.jpg?ssl=1\"><img loading=\"lazy\" decoding=\"async\" class=\"size-medium wp-image-24141 alignright\" src=\"https:\/\/i0.wp.com\/deltaimage.de\/wp\/wp-content\/uploads\/Banner_FP_SUED_1200-300x122.jpg?resize=300%2C122&amp;ssl=1\" alt=\"\" width=\"300\" height=\"122\" data-recalc-dims=\"1\" \/><\/a>Die<strong><a href=\"https:\/\/deltaimage.de\/wp\/?portfolio=luftfahrt-historische-flugplatzwanderung-schleissheim-sued-route\"> S\u00fcd-Route<\/a><\/strong> beginnt bei den Junkers Hallen im S\u00fcden des Platzes und durchstreift das Gel\u00e4nde im s\u00fcdlichen Platzbereich und geht an der s\u00fcdlichen Flugplatzgeschichte auch in die s\u00fcdlichen W\u00e4lder und untersucht die Bodenspuren im Wald und Heide. Wir sehen dabei Geb\u00e4ude und Infrastruktur die noch in den 80er Jahren standen. Sie waren wichtige Elemente im Betrieb eines modernen Flugplatzes. Auch nachdem viele Spuren in der Zwischenzeit verschwunden sind, ist das Areal noch voll mit spannenden Zeugen des Flugbetriebes. Man muss diese nur sehen und richtig interpretieren k\u00f6nnen.<\/li>\n<li><a href=\"https:\/\/i0.wp.com\/deltaimage.de\/wp\/wp-content\/uploads\/Banner_FP_WEST_1200.jpg?ssl=1\"><img data-recalc-dims=\"1\" loading=\"lazy\" decoding=\"async\" class=\"size-medium wp-image-24140 alignright\" src=\"https:\/\/i0.wp.com\/deltaimage.de\/wp\/wp-content\/uploads\/Banner_FP_WEST_1200-300x123.jpg?resize=300%2C123&#038;ssl=1\" alt=\"\" width=\"300\" height=\"123\" \/><\/a>Die <strong><a href=\"https:\/\/deltaimage.de\/wp\/?portfolio=luftfahrt-historische-flugplatzwanderung-schleissheim-west-route\">West-Runde<\/a><\/strong> beginnt am Parkplatz beim Deutschen Museum und besch\u00e4ftigt sich mit den Bodenspuren entlang der Ferdinand-Schulz-Allee und zeigt die Geschichtsspuren, die man beim Spaziergang sehen, aber nicht entdecken kann. Mit dem Wissen um deren Geschichte wandelt man wie durch ein offenes Buch in der Luftfahrtgeschichte in Bayern.<\/li>\n<li>Der <strong>Teil 2<\/strong> tr\u00e4gt als Titelmotiv den amerikanischen Tower, der jetzt Teil der Jugendbegegnungsst\u00e4tte ist. Im Jahr 2007 wurden die Flugleitungsbaracken um den Tower abgerissen. Das Bild zeigt den Bauzustand w\u00e4hrend der Abbrucharbeiten und soll den stetigen Wandel auf dem weitl\u00e4ufigen Flugplatzgel\u00e4nde symbolisieren. Jedes Ende war auch immer wieder der Neuanfang von etwas neuen und spannendem. Ohne diesen Wandel h\u00e4tten wir jetzt nicht so viel zum Zeigen.<\/li>\n<\/ul>\n<h2>Teil 3: Route f\u00fcr Experten der Platzgeschichte<\/h2>\n<p>Ein neuer Wanderf\u00fchrer in der 100-j\u00e4hrigen Flugplatzgeschichte am \u00e4ltesten Flugplatz in Bayern ist fertig.<\/p>\n<ul>\n<li>Neben den 4 bereits erschienen Routen (<strong><a href=\"https:\/\/deltaimage.de\/wp\/?portfolio=luftfahrt-historische-flugplatzwanderung-schleissheim-nord-route\">Nord<\/a><\/strong><strong> \u2013 <\/strong><strong><a href=\"https:\/\/deltaimage.de\/wp\/?portfolio=luftfahrt-historische-flugplatzwanderung-schleissheim-ost-route\">Ost<\/a><\/strong><strong> \u2013 <\/strong><strong><a href=\"https:\/\/deltaimage.de\/wp\/?portfolio=luftfahrt-historische-flugplatzwanderung-schleissheim-sued-route\">S\u00fcd<\/a><\/strong><strong> \u2013 <\/strong><strong><a href=\"https:\/\/deltaimage.de\/wp\/?portfolio=luftfahrt-historische-flugplatzwanderung-schleissheim-west-route\">West<\/a><\/strong>) liegen auf dem Flugplatzgel\u00e4nde noch so viele interessante Punkte, die noch besichtigt werden sollten. In den \u00f6ffentlichen Flugplatz Wanderungen, sind diese Ort oft zu weit von einer sinnvollen Route entfernt. Sie lassen sich nicht richtig in das 2-Stunden-Programm aufnehmen.<\/li>\n<li>F\u00fcr die Interessierten haben wir hier in dem <strong>Teil 3,<\/strong> diese Orte zusammengef\u00fchrt. Erg\u00e4nzt sind sie wieder mit umfangreichem Bildmaterial und Karten ausgestattet.<\/li>\n<li>Der <strong>Teil 3<\/strong> tr\u00e4gt als Titelmotiv eine Detailaufnahme einer verrosteten Eisent\u00fcre mit der Aufschrift \u201e<strong>No Entrance<\/strong>\u201e. Der Flugplatz Schlei\u00dfheim hatte sehr viele unterschiedliche Nutzer in \u00fcber 100 Jahren Geschichte gesehen. Alle haben ihre Spuren in der Landschaft und in Bauwerken hinterlassen. Oft sind es die kleinen Funde welche die Nutzungsgeschichte besser symbolisieren als die gro\u00dfen Geb\u00e4ude. <em>&#8222;Kein Zutritt. Bei allem Interesse an der Luftfahrtgeschichte steht die Sicherheit immer an erster Stelle.&#8220;<\/em><\/li>\n<\/ul>\n","protected":false},"excerpt":{"rendered":"<div class=\"legal-price-info\">\n<p>Der Sammelband wird exklusiv \u00fcber den shop.deltaimage,de verkauft.<\/p>\n<\/div>\n<div class=\"woocommerce-product-details__short-description\">\n<p>Autor: Paul Eschbach<br \/>\nDELTA IMAGE Eigenverlag<\/p>\n<p>Format DIN A5<br \/>\n336 Seiten<br \/>\nHartcover<\/p>\n<p>Fadenheftung<br \/>\n4 Touren (NORD, OST, S\u00dcD, WEST)<br \/>\n86\u00a0 Wanderziele<br \/>\n304 \u00a0 Farbbilder<br \/>\n104 \u00a0 historische\u00a0 Schwarzwei\u00dfbilder<\/p>\n<p>Ersterscheinung 2022<\/p>\n<\/div>\n<p class=\"wc-gzd-additional-info delivery-time-info\">Lieferzeit: 2-4 Tage (wenn im Lager verf\u00fcgbar)<\/p>\n","protected":false},"featured_media":1059,"template":"","meta":[],"product_brand":[806],"product_cat":[379,16,148,735,210],"product_tag":[262,55,266,52,267,269,268,91],"class_list":{"0":"post-1466","1":"product","2":"type-product","3":"status-publish","4":"has-post-thumbnail","6":"product_brand-delta-image-eigenverlag","7":"product_cat-20-jahrhundert","8":"product_cat-buch","9":"product_cat-dachau-oberschleissheim","10":"product_cat-flugplatz-schleissheim","11":"product_cat-hardcover-gebundene-ausgabe","12":"product_tag-flugplatz-schleiheim","13":"product_tag-flugplatz-wanderung","14":"product_tag-nord-route","15":"product_tag-oberschleissheim","16":"product_tag-ost-route","17":"product_tag-sued-route","18":"product_tag-west-route","19":"product_tag-wuerm","21":"first","22":"instock","23":"taxable","24":"shipping-taxable","25":"purchasable","26":"product-type-simple"},"jetpack_sharing_enabled":true,"_links":{"self":[{"href":"https:\/\/shop.deltaimage.de\/index.php?rest_route=\/wp\/v2\/product\/1466","targetHints":{"allow":["GET"]}}],"collection":[{"href":"https:\/\/shop.deltaimage.de\/index.php?rest_route=\/wp\/v2\/product"}],"about":[{"href":"https:\/\/shop.deltaimage.de\/index.php?rest_route=\/wp\/v2\/types\/product"}],"wp:featuredmedia":[{"embeddable":true,"href":"https:\/\/shop.deltaimage.de\/index.php?rest_route=\/wp\/v2\/media\/1059"}],"wp:attachment":[{"href":"https:\/\/shop.deltaimage.de\/index.php?rest_route=%2Fwp%2Fv2%2Fmedia&parent=1466"}],"wp:term":[{"taxonomy":"product_brand","embeddable":true,"href":"https:\/\/shop.deltaimage.de\/index.php?rest_route=%2Fwp%2Fv2%2Fproduct_brand&post=1466"},{"taxonomy":"product_cat","embeddable":true,"href":"https:\/\/shop.deltaimage.de\/index.php?rest_route=%2Fwp%2Fv2%2Fproduct_cat&post=1466"},{"taxonomy":"product_tag","embeddable":true,"href":"https:\/\/shop.deltaimage.de\/index.php?rest_route=%2Fwp%2Fv2%2Fproduct_tag&post=1466"}],"curies":[{"name":"wp","href":"https:\/\/api.w.org\/{rel}","templated":true}]}}