{"id":1420,"date":"2022-12-17T16:47:39","date_gmt":"2022-12-17T15:47:39","guid":{"rendered":"https:\/\/shop.deltaimage.de\/?post_type=product&#038;p=1420"},"modified":"2023-12-07T18:38:03","modified_gmt":"2023-12-07T17:38:03","slug":"elearning-grundlagen-der-fotografie","status":"publish","type":"product","link":"https:\/\/shop.deltaimage.de\/?product=elearning-grundlagen-der-fotografie","title":{"rendered":"eLearning &#8222;Grundlagen der Fotografie&#8220;"},"content":{"rendered":"<p>Der Kurs &#8222;Fotografie Grundlagen eLearning&#8220; f\u00e4ngt ganz vorne an und ist ganz speziell f\u00fcr alle EinsteigerInnen und AufsteigerInnen von der Fotografie auf Knopfdruck gestaltet. Sie k\u00f6nnen Ihre digitale Kamera einschalten und Bilder anzeigen.<\/p>\n<blockquote>\n<pre>Wunderbar - mehr m\u00fcssen Sie zum Einstieg auch noch nicht wissen.<\/pre>\n<\/blockquote>\n<p>Die Bedienungsanleitung Ihrer digitalen Kamera ist f\u00fcr Sie keine Hilfe, da Sie die Fachbegriffe weder kennen noch verstehen und so erschlie\u00dft sich auch die Bedienung der Kamera nicht f\u00fcr Sie. Genau daf\u00fcr ist dieser <strong>Fotografie Grundlagen als eLearning<\/strong> da. Wir erkl\u00e4ren Ihnen die Grundlagen der Fotografie vom Grunde auf und f\u00fcr alle Kameras \u00fcbergreifend &#8211; egal welches Modell Sie haben, egal welcher Hersteller. der Kurs ist hersteller\u00fcbergreifend gestaltet. Auf dem eLearning Kurs Fotografie Grundlagen folgt aufbauend der <a href=\"https:\/\/lernen.deltaimage.de\/courses\/elearning-aufbaukurs-fuer-fotografinnen\/\"><strong>eLearning Kurs Fotografie Aufbaukurs<\/strong><\/a>, dort werden viele Themen weiter vertieft und pr\u00e4zisiert &#8211; dazwischen werden Sie \u00dcben und \u00dcben und die Grundlagen zur Routine werden lassen.<\/p>\n<p>Sie folgen Schritt f\u00fcr Schritt unseren Lerninhalten und besch\u00e4ftigen sich mit den Foto\u00fcbungen selbst mit dem gestellten Thema. Am Ende des Abschnitts k\u00f6nnen Sie freiwillig an dem abwechslungsreichen Lern-Quiz teilnehmen und Ihren Wissensstand verfolgen.<\/p>\n<h2><\/h2>\n<h2>Fotografie ist mehr als ein Alltagsgegenstand<\/h2>\n<p>Es kommen jetzt mehr junge Menschen viel intensiver in Kontakt mit der Fotografie &#8211; es geh\u00f6rt zum Alltag eine digitale Kamera immer mit dabei zu haben und alle m\u00f6glichen Momente des Lebens zu fotografieren. Nie kamen so viele Menschen jeden Alters so intensiv in Kontakt mit leistungsf\u00e4higen Digitalkameras.<\/p>\n<p>Es ist einfach, bequem und die Ergebnisse lassen sich sofort \u00fcberallhin teilen.<\/p>\n<p>&nbsp;<\/p>\n<h2>&#8222;Fotografie Grundlagen eLearning&#8220; ist mehr Fotografie<\/h2>\n<p>Sie interessieren sich f\u00fcr diesen Online Kurs, Sie haben den initialen Wunsch nach mehr Fotografie.<\/p>\n<p>Bei einigen Menschen &#8211; nicht bei allen &#8211; kommt irgendwann der Wunsch nach mehr Fotografie auf. Der kommende Urlaub, das erste Baby, das erste Auto, das neue Auto oder das neue Leben in einer anderen Stadt oder Land &#8211; oder was auch immer. Fotografie ist doch mehr als nur auf einen Knopf dr\u00fccken. Das Schnell und das bequem muss nicht immer die Maxime sein, f\u00fcr die Fotos im Kopf herumschwirren und noch gar nicht gemacht sind.<\/p>\n<p>Dieses n\u00e4chste Ereignis ist sehr oft der initiale Ausl\u00f6ser f\u00fcr die weitergehende Besch\u00e4ftigung mit dem Medium Fotografie. Die k\u00fcnstlerische Dimension der Fotografie erm\u00f6glicht das eigene Ich in den Bildern zu Suchen und das eigene Leben zu Finden. Die handwerkliche Dimension der Fotografie ergr\u00fcndet das Fotografieren als spannende und erlebnisreiche Besch\u00e4ftigung mit der eigenen Sicht auf dein Leben.<\/p>\n<p>Zur Unterst\u00fctzung des eLearning Kurses im Online Format &#8222;Fotografie Grundlagen&#8220; gibt es ein <a href=\"https:\/\/shop.deltaimage.de\/?product=begleitbuch-elearning-grundlagen-fotografie-fuer-einsteiger-und-anfaenger\"><strong>Begleitbuch<\/strong> <\/a>mit den Texten und Abbildungen aus dem eLearning Kurs f\u00fcr das offline Selbststudium. F\u00fcr das Buch ben\u00f6tigen Sie keinen Strom, keinen Tisch, keine Online-Verbindung, das macht das Lesen im Zug oder im Urlaub so herrlich unkompliziert. Bereiten Sie sich damit vor und gehen dann durch die Lerninhalte im eLearning Kurs Online und beenden den Lernabschnitt mit dem Lern-Quiz.<\/p>\n<p>&nbsp;<\/p>\n<div class=\"su-row\"><div class=\"su-column su-column-size-1-3\"><div class=\"su-column-inner su-u-clearfix su-u-trim\"><\/p>\n<h2>Zielgruppe f\u00fcr Fotografie Grundlagen eLearning<\/h2>\n<ul>\n<li><strong>Einsteiger<\/strong> in die Fotografie<\/li>\n<li><strong>Aufsteiger<\/strong> vom Smartphone<\/li>\n<li>Raus aus dem <strong>gr\u00fcnen Automatikmodus<\/strong><\/li>\n<li>Alle die <strong>mehr und bessere Fotos<\/strong> machen m\u00f6chten<\/li>\n<\/ul>\n<p><\/div><\/div> <div class=\"su-column su-column-size-1-3\"><div class=\"su-column-inner su-u-clearfix su-u-trim\"><\/p>\n<h2>Inhalte des Foto-Kurs<\/h2>\n<ul>\n<li><b>Mehr Spa\u00df <\/b>beim Fotografieren<\/li>\n<li>Fotografieren <strong>au\u00dferhalb der gr\u00fcnen Vollautomatik<\/strong><\/li>\n<li><b>Was macht ein gutes Foto aus?<\/b><\/li>\n<li><b>Besser und richtig Belichten<\/b><\/li>\n<li>Das <b>Objektiv <\/b>und die <b>fotografische Blende<\/b><\/li>\n<li>Die <strong>Kamera<\/strong> und der <strong>fotografische Verschluss<\/strong><\/li>\n<li>Die <strong>Lichtempfindlichkeit <\/strong>nach <strong>ISO<\/strong><\/li>\n<li>Der <strong>Weg zur richtigen Belichtung<\/strong><\/li>\n<li>Kamera und die<strong> verschiedenen Sensoren<\/strong><\/li>\n<li><b>Herstellerneutral<\/b> und <b>system\u00fcbergreifend<\/b><\/li>\n<li><b>Anwendung und Praxis <\/b>an der eigenen Kamera<\/li>\n<\/ul>\n<p><\/div><\/div> <div class=\"su-column su-column-size-1-3\"><div class=\"su-column-inner su-u-clearfix su-u-trim\"><\/p>\n<h2>Zielsetzung des Foto-Kurs<\/h2>\n<ul>\n<li><strong>Einstieg\/Umstieg<\/strong> in eine moderne digitale Kamera<\/li>\n<li>Mehr <strong>Spa\u00df und bessere Ergebnisse<\/strong> beim Fotografieren<\/li>\n<li>Fotografieren <strong>au\u00dferhalb der gr\u00fcnen Vollautomatik <\/strong>mit Erfolg gemeistert<\/li>\n<li>Grundlagen <strong>der richtigen Belichtung<\/strong> eines Bildes verst\u00e4ndlich gelernt<\/li>\n<li><strong>Herstellerneutral<\/strong> und <strong>system\u00fcbergreifend<\/strong> - leicht verst\u00e4ndlich und einfach umzusetzen<\/li>\n<li><strong>Anwendung und Praxis<\/strong> an der eigenen Kamera durch Anleitungen zu eigenen Foto\u00fcbungen<\/li>\n<li><strong>Lernr\u00fcckmeldungen<\/strong> durch Lern-Quiz am Ende jedes Kurs-Abschnittes<\/li>\n<\/ul>\n<p><\/div><\/div><\/div>\n<p>&nbsp;<\/p>\n<p>Lernen Sie die &#8222;Fotografie Grundlagen&#8220; in diesem auf EinsteigerInnen und AufsteigerInnen vom Smartphone speziell konzipierten Lernformat. Der Kurs nimmt auf das vorhandene Wissen R\u00fccksicht und erkl\u00e4rt Schritt f\u00fcr Schritt in einer sehr einfachen und verst\u00e4ndlichen Sprache. Anf\u00e4ngerInnen lernen anders als erfahrene FotografInnen, wir wissen das.<\/p>\n<p>&nbsp;<\/p>\n","protected":false},"excerpt":{"rendered":"<ul>\n<li>Referent: Paul Eschbach @ DELTA IMAGE<\/li>\n<li>5 Stunden Kursmaterial eLearning<\/li>\n<li>10 Kursabschnitte<\/li>\n<li>54 Lerneinheiten<\/li>\n<li>Quiz als Lernkontrolle am Ende jedes Lernabschnittes<\/li>\n<li>50 Wissensfragen<\/li>\n<\/ul>\n<p>Bonusmaterial<\/p>\n<ul>\n<li>Zus\u00e4tzliche Lernmaterialien zum Download<\/li>\n<li>Begleitmaterial zu den Grundlagen der Fotografie<\/li>\n<li>Foto-Aufgaben zum jeweiligen Lernabschnitt zur eigenen Weiterentwicklung und Anwendung des Kerninhaltes<\/li>\n<\/ul>\n","protected":false},"featured_media":1538,"template":"","meta":[],"product_brand":[],"product_cat":[34],"product_tag":[43,240,38],"class_list":{"0":"post-1420","1":"product","2":"type-product","3":"status-publish","4":"has-post-thumbnail","6":"product_cat-foto-kurs","7":"product_tag-dslm","8":"product_tag-dslr","9":"product_tag-paul-eschbach","11":"first","12":"instock","13":"taxable","14":"shipping-taxable","15":"product-type-external"},"jetpack_sharing_enabled":true,"tiered_pricing_type":"fixed","tiered_pricing_fixed_rules":[],"tiered_pricing_product_settings":{"layout":"default","base_unit_name":{"singular":null,"plural":null},"default_variation":null},"tiered_pricing_minimum_quantity":null,"tiered_pricing_roles_data":[],"tiered_pricing_percentage_rules":[],"post_mailing_queue_ids":[],"_links":{"self":[{"href":"https:\/\/shop.deltaimage.de\/index.php?rest_route=\/wp\/v2\/product\/1420","targetHints":{"allow":["GET"]}}],"collection":[{"href":"https:\/\/shop.deltaimage.de\/index.php?rest_route=\/wp\/v2\/product"}],"about":[{"href":"https:\/\/shop.deltaimage.de\/index.php?rest_route=\/wp\/v2\/types\/product"}],"wp:featuredmedia":[{"embeddable":true,"href":"https:\/\/shop.deltaimage.de\/index.php?rest_route=\/wp\/v2\/media\/1538"}],"wp:attachment":[{"href":"https:\/\/shop.deltaimage.de\/index.php?rest_route=%2Fwp%2Fv2%2Fmedia&parent=1420"}],"wp:term":[{"taxonomy":"product_brand","embeddable":true,"href":"https:\/\/shop.deltaimage.de\/index.php?rest_route=%2Fwp%2Fv2%2Fproduct_brand&post=1420"},{"taxonomy":"product_cat","embeddable":true,"href":"https:\/\/shop.deltaimage.de\/index.php?rest_route=%2Fwp%2Fv2%2Fproduct_cat&post=1420"},{"taxonomy":"product_tag","embeddable":true,"href":"https:\/\/shop.deltaimage.de\/index.php?rest_route=%2Fwp%2Fv2%2Fproduct_tag&post=1420"}],"curies":[{"name":"wp","href":"https:\/\/api.w.org\/{rel}","templated":true}]}}